{"id":190,"date":"2021-11-04T14:18:18","date_gmt":"2021-11-04T13:18:18","guid":{"rendered":"http:\/\/localhost\/presco83\/?page_id=190"},"modified":"2022-01-31T14:00:31","modified_gmt":"2022-01-31T13:00:31","slug":"plomberie","status":"publish","type":"page","link":"https:\/\/www.presco83.fr\/index.php\/plomberie\/","title":{"rendered":"Plomberie"},"content":{"rendered":"\n\n\t<p>&nbsp;<\/p>\n<p>Nos plombiers r\u00e9aliserons tous vos projets pour vos pi\u00e8ces d&rsquo;eau.<\/p>\n<p>Modification ou cr\u00e9ation r\u00e9seaux eau chaude\/froide ou de point d&rsquo;eau ext\u00e9rieur. D\u00e9placement ou modification \u00e9vacuation cuisine, salle de bain, WC.<\/p>\n<p>R\u00e9fection compl\u00e8te de salle de bains, pose de bac a douche, WC suspendus.<\/p>\n<p>Cr\u00e9ation poste machine \u00e0 laver linge\/vaisselle.<\/p>\n<p>Remplacement ou cr\u00e9ation poste cumulus ou thermodynamique.<\/p>\n<p>Un service technique se tient \u00e0 votre disposition pour tous vos projets:<\/p>\n<p><strong>Mr Morelli 06 08 72 77 81 <\/strong><\/p>\n<p><strong>Mme Roques 06 13 91 85 10 <\/strong><\/p>\n\t\t\t\t<img loading=\"lazy\" decoding=\"async\" src=\"https:\/\/www.presco83.fr\/presco83\/wp-content\/uploads\/2021\/10\/IMG_3844.jpg\" alt=\"IMG_3844\" itemprop=\"image\" height=\"600\" width=\"800\" title=\"IMG_3844\" onerror=\"this.style.display='none'\"  \/>\n\n","protected":false},"excerpt":{"rendered":"<p>&nbsp; Nos plombiers r\u00e9aliserons tous vos projets pour vos pi\u00e8ces d&rsquo;eau. Modification ou cr\u00e9ation r\u00e9seaux eau chaude\/froide ou de point d&rsquo;eau ext\u00e9rieur. D\u00e9placement ou modification \u00e9vacuation cuisine, salle de bain, WC. R\u00e9fection compl\u00e8te de salle de bains, pose de bac a douche, WC suspendus. Cr\u00e9ation poste machine \u00e0 laver linge\/vaisselle. Remplacement ou cr\u00e9ation poste cumulus&hellip; <br \/> <a class=\"read-more\" href=\"https:\/\/www.presco83.fr\/index.php\/plomberie\/\">Lire la suite<\/a><\/p>\n","protected":false},"author":1,"featured_media":0,"parent":0,"menu_order":0,"comment_status":"closed","ping_status":"closed","template":"","meta":{"om_disable_all_campaigns":false,"_monsterinsights_skip_tracking":false,"_monsterinsights_sitenote_active":false,"_monsterinsights_sitenote_note":"","_monsterinsights_sitenote_category":0,"footnotes":""},"class_list":["post-190","page","type-page","status-publish","hentry"],"aioseo_notices":[],"_links":{"self":[{"href":"https:\/\/www.presco83.fr\/index.php\/wp-json\/wp\/v2\/pages\/190","targetHints":{"allow":["GET"]}}],"collection":[{"href":"https:\/\/www.presco83.fr\/index.php\/wp-json\/wp\/v2\/pages"}],"about":[{"href":"https:\/\/www.presco83.fr\/index.php\/wp-json\/wp\/v2\/types\/page"}],"author":[{"embeddable":true,"href":"https:\/\/www.presco83.fr\/index.php\/wp-json\/wp\/v2\/users\/1"}],"replies":[{"embeddable":true,"href":"https:\/\/www.presco83.fr\/index.php\/wp-json\/wp\/v2\/comments?post=190"}],"version-history":[{"count":6,"href":"https:\/\/www.presco83.fr\/index.php\/wp-json\/wp\/v2\/pages\/190\/revisions"}],"predecessor-version":[{"id":263,"href":"https:\/\/www.presco83.fr\/index.php\/wp-json\/wp\/v2\/pages\/190\/revisions\/263"}],"wp:attachment":[{"href":"https:\/\/www.presco83.fr\/index.php\/wp-json\/wp\/v2\/media?parent=190"}],"curies":[{"name":"wp","href":"https:\/\/api.w.org\/{rel}","templated":true}]}}